-2*f + 2*l + l + 31, l = w*f - 58. What is the highest common divisor of 33 and f?
11
Let c = -2899 + 3339. What is the greatest common divisor of 132 and c?
44
Let y be 2521 + 9/((-36)/56). Calculate the highest common factor of 23 and y.
23
Let s = 2821 - 2755. Calculate the highest common factor of 18 and s.
6
Suppose 3*m = -d + 5*d - 35, -5 = m + 2*d. Let z be (m/(-2) - (2 + 2))*52. Suppose 2*l = -0*l + z. What is the greatest common divisor of 1 and l?
1
Suppose -5*o + 5*o - 30 = -15*o. Calculate the greatest common factor of o and 274.
2
Let m be 8/2 - 4 - (-13)/1. Let h(k) = -k**2 + 13*k + 80. Let c be h(m). Calculate the greatest common factor of 70 and c.
10
Let u = 4991 - 1316. Calculate the greatest common divisor of u and 1323.
147
Suppose 182540 = 129*t - 66043. Calculate the highest common divisor of 123 and t.
41
Let g = -2 + 4. Suppose 2*r - 11*j = -102, -88 = -5*r - 200*j + 203*j. What is the greatest common divisor of g and r?
2
Let o be (-2 + -3 + 2)/(3/(-3)). Suppose 0 = 4*x - 5*c - 165, -5*x + 150 + 53 = -o*c. Let m = x - 22. Calculate the greatest common factor of 144 and m.
18
Suppose -178*v + 1323 - 255 = 0. What is the highest common factor of 6240 and v?
6
Let g(w) = 13*w**2 - 4*w - 11. Let t be g(5). Suppose 16*j - 159823 = -158255. What is the highest common divisor of t and j?
98
Let n = 842 - 405. Let j = 1973 - 1881. Calculate the greatest common factor of j and n.
23
Suppose 6 = -3*u + 18. Let t be ((-10)/(-2) - u) + 25. Let v = 30 - t. Calculate the highest common divisor of v and 4.
4
Let y(d) = 2*d**3 + 2*d**2 + 6*d + 350. Let x be y(0). Calculate the greatest common divisor of 150 and x.
50
Suppose -6*c + 5*c = -5*c + 96. What is the highest common divisor of c and 642?
6
Let h(a) = 90*a**2 - 127*a + 130. Let x be h(1). What is the highest common divisor of 22413 and x?
93
Let m be (301/(-3))/(((-11)/(-33))/(-1)). Calculate the greatest common divisor of 172 and m.
43
Suppose 4*s - 45 - 1035 = 0. Let z = 318 - s. What is the greatest common factor of 1872 and z?
48
Suppose 3*x - 687 = 3*j, 170*j = 166*j - 4. Calculate the greatest common divisor of x and 532.
76
Suppose -3*w + 22 = 2*r + 7, 4*w = -4*r + 40. Calculate the greatest common factor of 3855 and r.
15
Let i = -254 - -278. Suppose 0 = u + 22*n - i*n - 7, 10 = u + n. Let v(l) = 4*l**2 + 5*l + 1. Let x be v(-4). What is the highest common factor of u and x?
9
Let f be (-6)/15 + 22/5. Let w = 2 + f. Suppose 43*m - 47*m - 20 = 2*o, -5*m - 64 = -4*o. Calculate the highest common divisor of o and w.
6
Let r = -3156 + 3858. What is the greatest common divisor of 54 and r?
54
Suppose -5*z + 40 = -4*m, 3*m + 29 = 2*z + 6. Let v be (-31230)/(-75) + 3 + (-3)/m. What is the highest common divisor of 168 and v?
84
Suppose 19 = 3*l + 3*b - 41, 2*l - 3*b - 30 = 0. Suppose -29*a + 574 - 5185 = 0. Let n = a + 195. What is the highest common divisor of n and l?
18
Suppose 0 = 5*w - 2*h - 9047, -4*w + h = 3*h - 7216. Calculate the greatest common divisor of 695 and w.
139
Suppose -6*z + z + 4 = 4*f, 0 = -4*z - 5*f + 5. Suppose -2*s + 4*y + 27 + 29 = z, -3*s - 3*y + 93 = 0. Calculate the greatest common divisor of 390 and s.
30
Let y(g) = -12*g + 2. Suppose -1 = 3*r + 11. Let k be y(r). Suppose x - 68 = -3*q, k + 80 = 5*q + 5*x. Calculate the highest common factor of 7 and q.
7
Suppose -11*r = 5*r + 80. Let y be ((-6)/3 - (3 + r)) + 20. Calculate the highest common divisor of y and 65.
5
Let r(t) = -17*t - 6 + 4*t**2 - 6*t**2 - 11*t**2 + t**3. Suppose 0 = -24*l + 18*l + 90. Let m be r(l). Calculate the greatest common divisor of 21 and m.
21
Let w be (48/(-120))/((-4)/(-10)). Let p be (-5)/((-140)/(-48))*(-6 + w). Calculate the highest common divisor of p and 48.
12
Suppose -5*p + 252 = -4*d - 49, 4*d = 4. Suppose -31 - 9 = -40*h. What is the highest common divisor of p and h?
1
Let a = 4122 - -5471. Calculate the greatest common factor of 159 and a.
53
Suppose -10*n - 216 = -62*n - 20*n. Let s(v) = 2*v + 3. Let f be s(2). Calculate the greatest common divisor of f and n.
1
Let k(q) = q + 1. Let d be k(2). Suppose -x - n = 4*x + 246, 5*x = d*n - 242. Let l = -41 - x. What is the highest common divisor of l and 88?
8
Let d(u) = 9*u**2 + 162*u - 1339. Let g be d(7). Calculate the highest common factor of 10502 and g.
118
Let q(o) = -2*o**3 + 12*o**2 - 9*o + 5. Let p be q(8). Let w = -235 - p. What is the highest common divisor of 77 and w?
11
Let v(g) = g**3 - 6*g**2 - 4*g - 8. Let t be v(7). Suppose 75 = 123*l - 118*l. Suppose -12*c = -t*c + l. What is the greatest common factor of 5 and c?
5
Let u be (20 + 559/(-26))/(9/(-150)). Let v = -2 + 7. What is the greatest common divisor of v and u?
5
Let r = 2646 + -2552. Let a be 4/6 - (-19720)/(-24). Let c = -586 - a. Calculate the greatest common divisor of c and r.
47
Let d(n) = n**3 - 21*n**2 - 23*n + 31. Let s be d(22). Let t(l) = l**3 - 7*l**2 - 7*l + 27. Let b be t(s). Calculate the highest common divisor of b and 27.
9
Suppose 41*q - 277389 = -145*q + 39*q. What is the highest common factor of 102 and q?
51
Suppose 22*h - 26*h + 3724 = 0. Suppose 4*v - h - 365 = 0. Let o be (-5144)/(-26) - (4 - v/78). Calculate the greatest common factor of 18 and o.
18
Let q(a) = a**2 + 4*a + 7. Let b = -9 - -3. Let v be q(b). Suppose 0 = -3*t + 285. Calculate the greatest common factor of t and v.
19
Suppose 420*k - 39233 - 225565 = 107*k. Calculate the highest common divisor of k and 18.
18
Let t = 48250 + -47658. Let p = 91 - 59. Calculate the highest common divisor of t and p.
16
Let d be -8*13 + (30/(-3) - -16). Let z = -65 - d. Let i(t) = t**3 + 2*t**2 + 2*t - 5. Let r be i(4). Calculate the highest common divisor of z and r.
33
Let r(y) = y**3 - 7*y**2 - 3*y - 29. Let s = -235 - -243. Let d be r(s). Calculate the greatest common divisor of 11 and d.
11
Suppose -6 = 2*f + 5*c - 1, 5*c = -4*f + 5. Let u be 5*-25*(-9)/f. Calculate the greatest common divisor of 50 and u.
25
Let b = 3820 + -3794. Calculate the greatest common divisor of b and 533.
13
Suppose -157 = 4*s - 77. Let t(q) = -q**3 - 19*q**2 + 19*q + 25. Let y be t(s). Calculate the highest common factor of 405 and y.
45
Let a be (-1225)/735 - ((-109470)/9)/2. What is the highest common factor of 40 and a?
40
Let p = 12 + -8. Let h = 210 - 211. Let a be 5 + (9 - 6) - (h + 5). What is the greatest common divisor of a and p?
4
Let d be (-40)/(-7) + 58/203. What is the highest common divisor of d and 1920?
6
Suppose 4*g - 14 = -2*k, g + 49 = -k + 4*k. Let s be (1 + k)/(-1 - -2). Calculate the highest common factor of s and 16.
16
Suppose -2*u - 256 = -2*l, 84*l - 80*l - 5*u = 508. Calculate the highest common divisor of 228 and l.
12
Suppose -129*w + 9856 = -17*w. Calculate the highest common factor of 1419 and w.
11
Suppose 37 - 7 = r. Suppose 277*n - 563*n = -279*n - 1470. What is the highest common divisor of n and r?
30
Let n(g) = 3*g + 360. Let v be n(0). Suppose -2*y = 7*y - v. Calculate the greatest common factor of 100 and y.
20
Let d(p) = 169*p - 1177. Let f be d(7). What is the highest common divisor of 12522 and f?
6
Suppose -576*i + 13495 = -112564 + 3371. Calculate the greatest common factor of i and 7810.
71
Suppose -4*x + 23271 = 3*y, -4*x + 3*y = -5704 - 17561. Calculate the highest common divisor of x and 21.
21
Let n = 1441 - 1342. Let d(h) = -9*h - 4. Let v be d(-3). Let x = v - 12. Calculate the highest common factor of x and n.
11
Let y be (-61)/(-7) + 4/14. Suppose -47*i = -44*i - 1485. Let g be (i/(-20))/y*-4. Calculate the highest common factor of g and 11.
11
Let a be 30708/48 + 12/48. What is the highest common divisor of a and 1760?
160
Let c(k) = -981*k - 1. Let u be c(-1). Suppose 492*h - 5*m + 151 = 496*h, 2*h - 125 = 3*m. Calculate the greatest common divisor of h and u.
49
Let d be (-2)/(-6)*(-12 - 0). Let n be (d - (-4 - -3)) + 29. Let a = 276 - 172. What is the greatest common divisor of n and a?
26
Let f be (-36894)/(-66) - (4 - 0). Suppose -f - 945 = -75*o. Suppose -4*v = -v - 420. What is the greatest common factor of o and v?
20
Suppose -320 = -5*a - 3*w + 325, -5*a + 670 = -2*w. Let u be 458/14 - 12/(-42). What is the greatest common factor of u and a?
33
Suppose o = 4 - 1. Suppose -3676 = -72*f - 1620 + 6800. Calculate the highe